tors of r?
2, 71
Let l(c) = 3*c**2 - 6*c + 827. What are the prime factors of l(-56)?
11, 31
Suppose -26*q = -27*q + 236441. List the prime factors of 1 + 20/(-14) + q/707.
2, 167
Suppose 38*c - 21*c = 49708. Let q = 4438 - c. What are the prime factors of q?
2, 757
Suppose -5*x - l + 75 = 2*l, 4*l = -3*x + 34. Suppose 19*f = x*f + 64. What are the prime factors of f?
2
Let u(i) = 64*i**2 - 28*i + 10. What are the prime factors of u(-5)?
2, 5, 7
Let u = 25 - 25. Suppose 5*r - 2189 - 1442 = 2*b, u = 4*r - 2*b - 2906. What are the prime factors of r?
5, 29
Suppose 9*z - 27 = -9. Suppose -63 = -5*g + z*g. Suppose 19*p = g*p - 24. What are the prime factors of p?
2, 3
Let a = -201 + 203. List the prime factors of (-4)/(-2) - (-1060 + 4 + a).
2, 3, 11
Let f be 3*(4/3 + -2). Suppose 5749*q - 5741*q = 80. What are the prime factors of (57/95)/(f/q) + 119?
2, 29
Let f = -310 - -269. Let o = 419 + f. List the prime factors of o.
2, 3, 7
Let v(t) = -t**3 - 25*t**2 - 49*t - 31. Let h be v(-23). Suppose -6276 = h*g - 44*g. What are the prime factors of g?
2, 523
Suppose 1052667 = 10*a + 53*a. List the prime factors of a.
7, 11, 31
Suppose 2*q - 36 = -4*v, -2*v - 2 = -5*q - 20. Let l be 2*(-3)/v*6. List the prime factors of -2 + (47 - l - -1).
2, 5
Let t(o) = 3*o - 12. Let w be t(4). Let q be 3/5*((-10)/(-2) + w). Suppose -5*f + 208 = -q*f. What are the prime factors of f?
2, 13
Suppose 3*r + 13 + 2 = 2*h, -5*h + 9 = 2*r. What are the prime factors of h/2*5910/15?
3, 197
Suppose -b - 8 = -4*y, 2*y + 4*b + 6 = 2*b. Let i be (-1)/(-3) + (y - (-76)/(-12)). Let l(o) = -7*o + 2. What are the prime factors of l(i)?
37
Let d be (18/(-15))/(4 + (-5166)/1290). Let n = 80 + d. List the prime factors of n.
2, 13
Suppose -322*x = 913619 - 1258997 - 1320328. List the prime factors of x.
7, 739
Let v(u) = -3*u**2 + 677*u - 231. What are the prime factors of v(72)?
3, 10987
Suppose -o - a = -3*a - 5, a = -2*o. Let p(h) = -4*h**2 + 3*h - 2*h**2 - 2*h + 4*h**2 + 62*h**3. What are the prime factors of p(o)?
61
Let y = -545 + 959. Suppose -6*h = k - 8*h - y, 0 = 3*k - 4*h - 1250. What are the prime factors of k?
2, 211
Let b(m) = -5*m + 14. Let s be b(2). Suppose 2*n - 3*d = 1 - s, -24 = -4*n - 4*d. Suppose 4*t = -n*a + 90, 13 = t + a - 9. What are the prime factors of t?
2, 3
Let m = 129 + -169. What are the prime factors of 8/(m/(-4125)) - 5?
2, 5, 41
Let h(v) = 2*v + 147. Suppose 0 = 10*g + 268 + 12. List the prime factors of h(g).
7, 13
Let m(l) = -4*l + 3*l - 3947*l**2 + 1 + 3983*l**2. What are the prime factors of m(-3)?
2, 41
Let h(x) = -6*x**3 - 9*x**2 - 4*x - 1. Let t be h(-5). Suppose -5*d - 5*a - t + 2574 = 0, 0 = -3*a - 12. List the prime factors of d.
2, 5, 41
Suppose 0 = -51*f + 54987 + 418272 + 195147. List the prime factors of f.
2, 6553
Let h be 2*(6/(-4) + 4). Suppose 0 = 3*a - 3*c - 483, -2*a - h*c + 329 = -0*a. List the prime factors of a.
2, 3
Let c = 12622 - 4604. What are the prime factors of c?
2, 19, 211
Let z(d) = d**3 - 3*d**2 + 4*d + 22. Suppose 54 = 5*j - 2*c - 2*c, 0 = -j - 3*c + 7. What are the prime factors of z(j)?
2, 3, 127
Let o = -688 + 642. List the prime factors of o*(39/(-6) + (-11 - -6)).
23
Let d be (-9482 - 3)/(-5) - (-2 + 0). Suppose m - 170 = 3*p + 213, 0 = 5*m + p - d. What are the prime factors of m?
2, 5, 19
What are the prime factors of (16/20)/(-13 - 34487011/(-2652845))?
2, 40813
Let p = 461 - 165. Suppose -5*a = -2*v + p, -a - 4*a - 2*v - 284 = 0. Let n = -7 - a. List the prime factors of n.
3, 17
Let x be 6738 + (0 + 0)/3. Let i be 6/(-27) + x/(-54). List the prime factors of (i - -3)*4/(-8).
61
Let y(z) = z**2 + 4*z + 43. List the prime factors of y(-8).
3, 5
Suppose 23*l - 27*l = -3*b - 27203, -4*l + 27183 = b. What are the prime factors of l?
7, 971
Let p be (-68)/(-40) + 9/30. Suppose 1909 = p*q - 3*u, 3693 = 3*q - u + 840. List the prime factors of q.
2, 5, 19
Suppose -21*v + 358698 = 64*v - 234517. What are the prime factors of v?
7, 997
Let w be (-14)/42 + (-1264)/(-3). Suppose -4*g - w = -2389. List the prime factors of g.
2, 3, 41
Suppose 65*c + 23460 = 86965. List the prime factors of c.
977
Let u = 216 + -34. Suppose -u + 220 = q. List the prime factors of q.
2, 19
Let a = 6410 - -15064. List the prime factors of a.
2, 3, 1193
Let z(a) = -5 + 3*a**2 + 3*a**2 + 3 + 2*a**2 + a. Let w(k) = k**2 - 2*k. Let y be w(3). List the prime factors of z(y).
73
Let u = -2996 - -3317. What are the prime factors of u?
3, 107
Suppose 2*u - 5*u = -2*w - 16, -5*u + 3*w + 25 = 0. Let m = 267 + -194. What are the prime factors of 2 + (m - 4) + (-1 - u)?
2, 17
Suppose -2*l = -q - 0*q - 57340, 0 = 2*l - 4*q - 57358. What are the prime factors of l?
109, 263
Let a(b) = 24*b - 36. Let y be (-23)/(-3) - (-3)/(-18)*-2. Suppose y*f + 7 - 39 = 0. List the prime factors of a(f).
2, 3, 5
Let x = -5496 - -10381. What are the prime factors of x?
5, 977
Let a = -9 + 8. Let z(k) = -6*k - 4. Let m be z(a). Suppose 3 + 23 = 4*x - 5*n, -4 = -2*x - m*n. What are the prime factors of x?
2
Let r(z) = -11*z - 11*z + 2*z**2 + 22*z. Let w be r(0). Suppose w = -7*y + 12*y - 680. What are the prime factors of y?
2, 17
Let p(f) be the second derivative of -f**4/12 + f**3/6 + 2*f**2 + 5*f. Let a be p(0). List the prime factors of 467*1/a + 2/8.
3, 13
Let k be 4/(-26) - (-252)/117. Suppose -22*t = -k*t - 21680. List the prime factors of t.
2, 271
Let w(h) = -643*h**3 + 15*h**2 + 33*h - 47. List the prime factors of w(-3).
2, 5, 347
Suppose -z + 3*p + 6 = p, 0 = 5*z + 5*p. Let a(c) = -c**2 + 14 - z - 9 - 15*c. List the prime factors of a(-10).
53
Let h = 758 - 531. Let x = -90 + h. List the prime factors of x.
137
Let f be 1 + (-87)/(-9) + (-6)/9. Let a(p) = 14*p + 112. What are the prime factors of a(f)?
2, 3, 7
Let h be (6 - 0) + (-1 - 0). Suppose 0 = -h*t + 1500 + 360. List the prime factors of t.
2, 3, 31
Let g = 18 - 19. Let t(n) = -17*n + 113*n**2 - 21*n + 31*n - 12 + 6. List the prime factors of t(g).
2, 3, 19
Let h(m) = -2*m + 4 - 8 + 3 + 0*m. Let k be h(-6). Suppose 8*f - k*f = -123. What are the prime factors of f?
41
Suppose -9*m = 5*i - 5*m - 2485, 3*i + 5*m - 1478 = 0. Suppose -5*o - a + i = a, -2*o = 4*a - 194. What are the prime factors of o?
101
Let o be 1 + (-5)/(20/(-16)). Suppose o*k - 23 = -8. Suppose 3*m + k*m = 234. List the prime factors of m.
3, 13
Let r be (-1 - 5)*4/(-3). Let z(i) = -i**2 + 16*i - 32. List the prime factors of z(r).
2
Suppose -4*d + 14 - 2 = q, 4*d = -3*q + 20. Suppose 0 = 4*i + 3*a - 1358, q*i + 0*i - 5*a = 1342. What are the prime factors of i?
2, 13
Let n(t) be the third derivative of -1/120*t**6 + 1/60*t**5 + 0 - 22*t**2 - 1/4*t**4 - t**3 + 0*t. List the prime factors of n(-5).
2, 3, 29
Let c(u) = 5805*u**2 - 42*u - 43. List the prime factors of c(-1).
2, 1451
Let m be 5 + (-8)/(-4 - -2). What are the prime factors of (2/10 - m/(-5))*85?
2, 5, 17
Let n(k) = 5*k + 4*k - 6 + 2*k - 7*k. Let t be n(8). What are the prime factors of 2/(-6) + (-8)/(-6) + t?
3
Suppose -2*i = 4 - 10. Suppose 0 = -2*v + 3*j + 1, i*v - 3*j = -0*v + 3. Suppose -q - 4*z + 10 = 0, -2*q - 3*z + 29 = v*z. What are the prime factors of q?
2, 11
Suppose 2*m + 6 = 5*m. Suppose -q - 2*p - 2 = -2*q, -q = m*p - 14. Suppose 0 = -q*s + 5*s + 423. What are the prime factors of s?
3, 47
Let h be (13 - 492/36)*(-6)/(-4). Let f(j) = -j**3 + 3*j**2 + 5*j - 2. Let l be f(4). List the prime factors of (-573)/(-9) + l/3*h.
3, 7
Let o be 1/(-4) - (-3576)/96. Suppose -13*n + o*n = 1656. What are the prime factors of n?
3, 23
Let u be 90/(-4)*3*4/(-18). Suppose -5*c - 1557 = -11*a + 8*a, -u = 5*c. List the prime factors of a.
2, 257
Let z = -72 + 208. Suppose 3*p = 11*p - z. List the prime factors of p.
17
Let a(w) = 3*w**2 + 7*w + 5. Let r be a(-2). Suppose 827 = g + r*y, -7*g + 5*g + 1660 = 4*y. What are the prime factors of g?
2, 11, 19
Suppose -5*w = 3*n - 44256, 3*w + 44232 = -34*n + 37*n. List the prime factors of n.
14747
Let m be 1 - ((8 - 1) + -6). Suppose m = -2*z + 10, -3*i - 2*z + 101 + 1175 = 0. List the prime factors of i.
2, 211
What are the prime factors of (1760464/(-380))/(4/(-10))?
2, 5791
Let r(i) = 13*i - 6. Let q(z) = -14*z + 5. Suppose -4*a = -6*a - 8, 0 = -3*n + 3*a. Let l(s) = n*r(s) - 3*q(s). List the prime factors of l(-10).
109
Let i